{"id":98,"date":"2024-05-18T00:04:05","date_gmt":"2024-05-17T22:04:05","guid":{"rendered":"https:\/\/personalparking.es\/?post_type=parking&#038;p=98"},"modified":"2025-07-16T08:09:51","modified_gmt":"2025-07-16T06:09:51","slug":"malaga-airport-exterior","status":"publish","type":"parking","link":"https:\/\/personalparking.es\/en\/booking\/malaga-airport-exterior\/","title":{"rendered":"Personal Parking Malaga Airport \u2013 Exterior Parking"},"content":{"rendered":"<p>At Personal Parking M\u00e1laga, we offer you first-class parking designed to make your trip start without complications. Strategically located in the vicinity of the M\u00e1laga-Costa del Sol Airport, convenient for your travel needs. Open 24 hours a day, 7 days a week, knowing that our team will always be available to assist you.<\/p>\n\n\n\n<p>Our valet service ensures a stress-free experience from the moment you arrive. We pick up your car at the airport and park it in our outdoor parking lot, so you don&#039;t have to worry about anything. The spaces are spacious and we have options for People with Reduced Mobility (PMR), thus guaranteeing your comfort. Safety is a priority for us; For this reason, we have advanced video surveillance systems and a dedicated concierge service, ensuring that your vehicle is always protected.<\/p>\n\n\n\n<p>In addition, we have valet service for your total convenience. Our team will be ready to receive your vehicle at the parking entrance and take care of parking it for you, ensuring a hassle-free experience from the moment you arrive.<\/p>\n\n\n\n<p><strong>Informaci\u00f3n importante sobre las reservas<\/strong>:<\/p>\n\n\n\n<ul class=\"wp-block-list\">\n<li>Las reservas solo se pueden realizar a partir de las <strong>4:00 a.m.<\/strong>. El sistema no permite reservas entre las <strong>00:00 h y las 3:45 h<\/strong>, por lo que te recomendamos planificar tu llegada a partir de ese horario.<\/li>\n\n\n\n<li>Para garantizar una correcta gesti\u00f3n, las reservas deben realizarse con <strong>al menos 6 horas de antelaci\u00f3n<\/strong>.<\/li>\n\n\n\n<li>Las reservas efectuadas <strong>con menos de 24 horas de antelaci\u00f3n<\/strong> <strong>no cuentan con descuento<\/strong>. Este mensaje aparecer\u00e1 antes de que completes tu reserva.<\/li>\n\n\n\n<li>Las reservas <strong>entre las 4:00 a.m. y las 7:00 a.m.<\/strong> tampoco incluyen descuento, independientemente de la antelaci\u00f3n con la que se realicen.<\/li>\n\n\n\n<li>Entre el <strong>18 de junio y el 20 de septiembre<\/strong>, aplicaremos una <strong>tarifa especial de temporada alta<\/strong>. Fuera de ese per\u00edodo, se mantendr\u00e1n los precios habituales.<\/li>\n<\/ul>\n\n\n\n<p>Choose Malaga Airport Parking for a worry-free experience before your next flight. We take care of your vehicle so that you can only worry about enjoying your trip!<\/p>\n\n\n\n<p><\/p>","protected":false},"featured_media":2240,"template":"","meta":{"site-sidebar-layout":"default","site-content-layout":"","ast-site-content-layout":"","site-content-style":"default","site-sidebar-style":"default","ast-global-header-display":"","ast-banner-title-visibility":"","ast-main-header-display":"","ast-hfb-above-header-display":"","ast-hfb-below-header-display":"","ast-hfb-mobile-header-display":"","site-post-title":"","ast-breadcrumbs-content":"","ast-featured-img":"","footer-sml-layout":"","theme-transparent-header-meta":"","adv-header-id-meta":"","stick-header-meta":"","header-above-stick-meta":"","header-main-stick-meta":"","header-below-stick-meta":"","astra-migrate-meta-layouts":"default","ast-page-background-enabled":"default","ast-page-background-meta":{"desktop":{"background-color":"var(--ast-global-color-4)","background-image":"","background-repeat":"repeat","background-position":"center center","background-size":"auto","background-attachment":"scroll","background-type":"","background-media":"","overlay-type":"","overlay-color":"","overlay-opacity":"","overlay-gradient":""},"tablet":{"background-color":"","background-image":"","background-repeat":"repeat","background-position":"center center","background-size":"auto","background-attachment":"scroll","background-type":"","background-media":"","overlay-type":"","overlay-color":"","overlay-opacity":"","overlay-gradient":""},"mobile":{"background-color":"","background-image":"","background-repeat":"repeat","background-position":"center center","background-size":"auto","background-attachment":"scroll","background-type":"","background-media":"","overlay-type":"","overlay-color":"","overlay-opacity":"","overlay-gradient":""}},"ast-content-background-meta":{"desktop":{"background-color":"var(--ast-global-color-5)","background-image":"","background-repeat":"repeat","background-position":"center center","background-size":"auto","background-attachment":"scroll","background-type":"","background-media":"","overlay-type":"","overlay-color":"","overlay-opacity":"","overlay-gradient":""},"tablet":{"background-color":"var(--ast-global-color-5)","background-image":"","background-repeat":"repeat","background-position":"center center","background-size":"auto","background-attachment":"scroll","background-type":"","background-media":"","overlay-type":"","overlay-color":"","overlay-opacity":"","overlay-gradient":""},"mobile":{"background-color":"var(--ast-global-color-5)","background-image":"","background-repeat":"repeat","background-position":"center center","background-size":"auto","background-attachment":"scroll","background-type":"","background-media":"","overlay-type":"","overlay-color":"","overlay-opacity":"","overlay-gradient":""}}},"class_list":["post-98","parking","type-parking","status-publish","has-post-thumbnail","hentry"],"acf":[],"yoast_head":"<!-- This site is optimized with the Yoast SEO plugin v22.8 - https:\/\/yoast.com\/wordpress\/plugins\/seo\/ -->\n<title>Personal Parking Malaga Airport - Parking Exterior - Parking en el aeropuerto de M\u00e1laga | Personal Parking<\/title>\n<meta name=\"robots\" content=\"index, follow, max-snippet:-1, max-image-preview:large, max-video-preview:-1\" \/>\n<link rel=\"canonical\" href=\"https:\/\/personalparking.es\/en\/booking\/malaga-airport-exterior\/\" \/>\n<meta property=\"og:locale\" content=\"en_GB\" \/>\n<meta property=\"og:type\" content=\"article\" \/>\n<meta property=\"og:title\" content=\"Personal Parking Malaga Airport - Parking Exterior - Parking en el aeropuerto de M\u00e1laga | Personal Parking\" \/>\n<meta property=\"og:description\" content=\"En Personal Parking M\u00e1laga, te ofrecemos un estacionamiento de primera clase dise\u00f1ado para que tu viaje comience sin complicaciones. Situado [&hellip;]\" \/>\n<meta property=\"og:url\" content=\"https:\/\/personalparking.es\/en\/booking\/malaga-airport-exterior\/\" \/>\n<meta property=\"og:site_name\" content=\"Parking en el aeropuerto de M\u00e1laga | Personal Parking\" \/>\n<meta property=\"article:modified_time\" content=\"2025-07-16T06:09:51+00:00\" \/>\n<meta property=\"og:image\" content=\"https:\/\/personalparking.es\/wp-content\/uploads\/sites\/20\/2024\/05\/dest_spain_benalmadena_malaga_costa-del-sol_andalusia_shutterstock_610430612_universal_within-usage-period_25541.jpg\" \/>\n\t<meta property=\"og:image:width\" content=\"1920\" \/>\n\t<meta property=\"og:image:height\" content=\"1312\" \/>\n\t<meta property=\"og:image:type\" content=\"image\/jpeg\" \/>\n<meta name=\"twitter:card\" content=\"summary_large_image\" \/>\n<meta name=\"twitter:label1\" content=\"Estimated reading time\" \/>\n\t<meta name=\"twitter:data1\" content=\"2 minutes\" \/>\n<script type=\"application\/ld+json\" class=\"yoast-schema-graph\">{\"@context\":\"https:\/\/schema.org\",\"@graph\":[{\"@type\":\"WebPage\",\"@id\":\"https:\/\/personalparking.es\/booking\/malaga-airport-exterior\/\",\"url\":\"https:\/\/personalparking.es\/booking\/malaga-airport-exterior\/\",\"name\":\"Personal Parking Malaga Airport - Parking Exterior - Parking en el aeropuerto de M\u00e1laga | Personal Parking\",\"isPartOf\":{\"@id\":\"https:\/\/personalparking.es\/#website\"},\"primaryImageOfPage\":{\"@id\":\"https:\/\/personalparking.es\/booking\/malaga-airport-exterior\/#primaryimage\"},\"image\":{\"@id\":\"https:\/\/personalparking.es\/booking\/malaga-airport-exterior\/#primaryimage\"},\"thumbnailUrl\":\"https:\/\/personalparking.es\/wp-content\/uploads\/sites\/20\/2024\/05\/dest_spain_benalmadena_malaga_costa-del-sol_andalusia_shutterstock_610430612_universal_within-usage-period_25541.jpg\",\"datePublished\":\"2024-05-17T22:04:05+00:00\",\"dateModified\":\"2025-07-16T06:09:51+00:00\",\"breadcrumb\":{\"@id\":\"https:\/\/personalparking.es\/booking\/malaga-airport-exterior\/#breadcrumb\"},\"inLanguage\":\"en-GB\",\"potentialAction\":[{\"@type\":\"ReadAction\",\"target\":[\"https:\/\/personalparking.es\/booking\/malaga-airport-exterior\/\"]}]},{\"@type\":\"ImageObject\",\"inLanguage\":\"en-GB\",\"@id\":\"https:\/\/personalparking.es\/booking\/malaga-airport-exterior\/#primaryimage\",\"url\":\"https:\/\/personalparking.es\/wp-content\/uploads\/sites\/20\/2024\/05\/dest_spain_benalmadena_malaga_costa-del-sol_andalusia_shutterstock_610430612_universal_within-usage-period_25541.jpg\",\"contentUrl\":\"https:\/\/personalparking.es\/wp-content\/uploads\/sites\/20\/2024\/05\/dest_spain_benalmadena_malaga_costa-del-sol_andalusia_shutterstock_610430612_universal_within-usage-period_25541.jpg\",\"width\":1920,\"height\":1312},{\"@type\":\"BreadcrumbList\",\"@id\":\"https:\/\/personalparking.es\/booking\/malaga-airport-exterior\/#breadcrumb\",\"itemListElement\":[{\"@type\":\"ListItem\",\"position\":1,\"name\":\"Home\",\"item\":\"https:\/\/personalparking.es\/\"},{\"@type\":\"ListItem\",\"position\":2,\"name\":\"Personal Parking Malaga Airport &#8211; Parking Exterior\"}]},{\"@type\":\"WebSite\",\"@id\":\"https:\/\/personalparking.es\/#website\",\"url\":\"https:\/\/personalparking.es\/\",\"name\":\"Parking en el aeropuerto de M\u00e1laga | Personal Parking\",\"description\":\"\",\"potentialAction\":[{\"@type\":\"SearchAction\",\"target\":{\"@type\":\"EntryPoint\",\"urlTemplate\":\"https:\/\/personalparking.es\/?s={search_term_string}\"},\"query-input\":\"required name=search_term_string\"}],\"inLanguage\":\"en-GB\"}]}<\/script>\n<!-- \/ Yoast SEO plugin. -->","yoast_head_json":{"title":"Personal Parking Malaga Airport - Parking Exterior - Parking en el aeropuerto de M\u00e1laga | Personal Parking","robots":{"index":"index","follow":"follow","max-snippet":"max-snippet:-1","max-image-preview":"max-image-preview:large","max-video-preview":"max-video-preview:-1"},"canonical":"https:\/\/personalparking.es\/en\/booking\/malaga-airport-exterior\/","og_locale":"en_GB","og_type":"article","og_title":"Personal Parking Malaga Airport - Parking Exterior - Parking en el aeropuerto de M\u00e1laga | Personal Parking","og_description":"En Personal Parking M\u00e1laga, te ofrecemos un estacionamiento de primera clase dise\u00f1ado para que tu viaje comience sin complicaciones. Situado [&hellip;]","og_url":"https:\/\/personalparking.es\/en\/booking\/malaga-airport-exterior\/","og_site_name":"Parking en el aeropuerto de M\u00e1laga | Personal Parking","article_modified_time":"2025-07-16T06:09:51+00:00","og_image":[{"width":1920,"height":1312,"url":"https:\/\/personalparking.es\/wp-content\/uploads\/sites\/20\/2024\/05\/dest_spain_benalmadena_malaga_costa-del-sol_andalusia_shutterstock_610430612_universal_within-usage-period_25541.jpg","type":"image\/jpeg"}],"twitter_card":"summary_large_image","twitter_misc":{"Estimated reading time":"2 minutes"},"schema":{"@context":"https:\/\/schema.org","@graph":[{"@type":"WebPage","@id":"https:\/\/personalparking.es\/booking\/malaga-airport-exterior\/","url":"https:\/\/personalparking.es\/booking\/malaga-airport-exterior\/","name":"Personal Parking Malaga Airport - Parking Exterior - Parking en el aeropuerto de M\u00e1laga | Personal Parking","isPartOf":{"@id":"https:\/\/personalparking.es\/#website"},"primaryImageOfPage":{"@id":"https:\/\/personalparking.es\/booking\/malaga-airport-exterior\/#primaryimage"},"image":{"@id":"https:\/\/personalparking.es\/booking\/malaga-airport-exterior\/#primaryimage"},"thumbnailUrl":"https:\/\/personalparking.es\/wp-content\/uploads\/sites\/20\/2024\/05\/dest_spain_benalmadena_malaga_costa-del-sol_andalusia_shutterstock_610430612_universal_within-usage-period_25541.jpg","datePublished":"2024-05-17T22:04:05+00:00","dateModified":"2025-07-16T06:09:51+00:00","breadcrumb":{"@id":"https:\/\/personalparking.es\/booking\/malaga-airport-exterior\/#breadcrumb"},"inLanguage":"en-GB","potentialAction":[{"@type":"ReadAction","target":["https:\/\/personalparking.es\/booking\/malaga-airport-exterior\/"]}]},{"@type":"ImageObject","inLanguage":"en-GB","@id":"https:\/\/personalparking.es\/booking\/malaga-airport-exterior\/#primaryimage","url":"https:\/\/personalparking.es\/wp-content\/uploads\/sites\/20\/2024\/05\/dest_spain_benalmadena_malaga_costa-del-sol_andalusia_shutterstock_610430612_universal_within-usage-period_25541.jpg","contentUrl":"https:\/\/personalparking.es\/wp-content\/uploads\/sites\/20\/2024\/05\/dest_spain_benalmadena_malaga_costa-del-sol_andalusia_shutterstock_610430612_universal_within-usage-period_25541.jpg","width":1920,"height":1312},{"@type":"BreadcrumbList","@id":"https:\/\/personalparking.es\/booking\/malaga-airport-exterior\/#breadcrumb","itemListElement":[{"@type":"ListItem","position":1,"name":"Home","item":"https:\/\/personalparking.es\/"},{"@type":"ListItem","position":2,"name":"Personal Parking Malaga Airport &#8211; Parking Exterior"}]},{"@type":"WebSite","@id":"https:\/\/personalparking.es\/#website","url":"https:\/\/personalparking.es\/","name":"Parking en el aeropuerto de M\u00e1laga | Personal Parking","description":"","potentialAction":[{"@type":"SearchAction","target":{"@type":"EntryPoint","urlTemplate":"https:\/\/personalparking.es\/?s={search_term_string}"},"query-input":"required name=search_term_string"}],"inLanguage":"en-GB"}]}},"_links":{"self":[{"href":"https:\/\/personalparking.es\/en\/wp-json\/wp\/v2\/parking\/98","targetHints":{"allow":["GET"]}}],"collection":[{"href":"https:\/\/personalparking.es\/en\/wp-json\/wp\/v2\/parking"}],"about":[{"href":"https:\/\/personalparking.es\/en\/wp-json\/wp\/v2\/types\/parking"}],"wp:featuredmedia":[{"embeddable":true,"href":"https:\/\/personalparking.es\/en\/wp-json\/wp\/v2\/media\/2240"}],"wp:attachment":[{"href":"https:\/\/personalparking.es\/en\/wp-json\/wp\/v2\/media?parent=98"}],"curies":[{"name":"wp","href":"https:\/\/api.w.org\/{rel}","templated":true}]}}

<p>At Personal Parking Málaga, we offer you first-class parking designed to make your trip start without complications. Strategically located in the vicinity of the Málaga-Costa del Sol Airport, convenient for your travel needs. Open 24 hours a day, 7 days a week, knowing that our team will always be available to assist you.</p>



<p>Our valet service ensures a stress-free experience from the moment you arrive. We pick up your car at the airport and park it in our outdoor parking lot, so you don&#039;t have to worry about anything. The spaces are spacious and we have options for People with Reduced Mobility (PMR), thus guaranteeing your comfort. Safety is a priority for us; For this reason, we have advanced video surveillance systems and a dedicated concierge service, ensuring that your vehicle is always protected.</p>



<p>In addition, we have valet service for your total convenience. Our team will be ready to receive your vehicle at the parking entrance and take care of parking it for you, ensuring a hassle-free experience from the moment you arrive.</p>



<p><strong>Información importante sobre las reservas</strong>:</p>



<ul class="wp-block-list">
<li>Las reservas solo se pueden realizar a partir de las <strong>4:00 a.m.</strong>. El sistema no permite reservas entre las <strong>00:00 h y las 3:45 h</strong>, por lo que te recomendamos planificar tu llegada a partir de ese horario.</li>



<li>Para garantizar una correcta gestión, las reservas deben realizarse con <strong>al menos 6 horas de antelación</strong>.</li>



<li>Las reservas efectuadas <strong>con menos de 24 horas de antelación</strong> <strong>no cuentan con descuento</strong>. Este mensaje aparecerá antes de que completes tu reserva.</li>



<li>Las reservas <strong>entre las 4:00 a.m. y las 7:00 a.m.</strong> tampoco incluyen descuento, independientemente de la antelación con la que se realicen.</li>



<li>Entre el <strong>18 de junio y el 20 de septiembre</strong>, aplicaremos una <strong>tarifa especial de temporada alta</strong>. Fuera de ese período, se mantendrán los precios habituales.</li>
</ul>



<p>Choose Malaga Airport Parking for a worry-free experience before your next flight. We take care of your vehicle so that you can only worry about enjoying your trip!</p>



<p></p>

<!-- This site is optimized with the Yoast SEO plugin v22.8 - https://yoast.com/wordpress/plugins/seo/ -->
<title>Personal Parking Malaga Airport - Parking Exterior - Parking en el aeropuerto de Málaga | Personal Parking</title>
<meta name="robots" content="index, follow, max-snippet:-1, max-image-preview:large, max-video-preview:-1" />
<link rel="canonical" href="https://personalparking.es/en/booking/malaga-airport-exterior/" />
<meta property="og:locale" content="en_GB" />
<meta property="og:type" content="article" />
<meta property="og:title" content="Personal Parking Malaga Airport - Parking Exterior - Parking en el aeropuerto de Málaga | Personal Parking" />
<meta property="og:description" content="En Personal Parking Málaga, te ofrecemos un estacionamiento de primera clase diseñado para que tu viaje comience sin complicaciones. Situado [&hellip;]" />
<meta property="og:url" content="https://personalparking.es/en/booking/malaga-airport-exterior/" />
<meta property="og:site_name" content="Parking en el aeropuerto de Málaga | Personal Parking" />
<meta property="article:modified_time" content="2025-07-16T06:09:51+00:00" />
<meta property="og:image" content="https://personalparking.es/wp-content/uploads/sites/20/2024/05/dest_spain_benalmadena_malaga_costa-del-sol_andalusia_shutterstock_610430612_universal_within-usage-period_25541.jpg" />
	<meta property="og:image:width" content="1920" />
	<meta property="og:image:height" content="1312" />
	<meta property="og:image:type" content="image/jpeg" />
<meta name="twitter:card" content="summary_large_image" />
<meta name="twitter:label1" content="Estimated reading time" />
	<meta name="twitter:data1" content="2 minutes" />
<script type="application/ld+json" class="yoast-schema-graph">{"@context":"https://schema.org","@graph":[{"@type":"WebPage","@id":"https://personalparking.es/booking/malaga-airport-exterior/","url":"https://personalparking.es/booking/malaga-airport-exterior/","name":"Personal Parking Malaga Airport - Parking Exterior - Parking en el aeropuerto de Málaga | Personal Parking","isPartOf":{"@id":"https://personalparking.es/#website"},"primaryImageOfPage":{"@id":"https://personalparking.es/booking/malaga-airport-exterior/#primaryimage"},"image":{"@id":"https://personalparking.es/booking/malaga-airport-exterior/#primaryimage"},"thumbnailUrl":"https://personalparking.es/wp-content/uploads/sites/20/2024/05/dest_spain_benalmadena_malaga_costa-del-sol_andalusia_shutterstock_610430612_universal_within-usage-period_25541.jpg","datePublished":"2024-05-17T22:04:05+00:00","dateModified":"2025-07-16T06:09:51+00:00","breadcrumb":{"@id":"https://personalparking.es/booking/malaga-airport-exterior/#breadcrumb"},"inLanguage":"en-GB","potentialAction":[{"@type":"ReadAction","target":["https://personalparking.es/booking/malaga-airport-exterior/"]}]},{"@type":"ImageObject","inLanguage":"en-GB","@id":"https://personalparking.es/booking/malaga-airport-exterior/#primaryimage","url":"https://personalparking.es/wp-content/uploads/sites/20/2024/05/dest_spain_benalmadena_malaga_costa-del-sol_andalusia_shutterstock_610430612_universal_within-usage-period_25541.jpg","contentUrl":"https://personalparking.es/wp-content/uploads/sites/20/2024/05/dest_spain_benalmadena_malaga_costa-del-sol_andalusia_shutterstock_610430612_universal_within-usage-period_25541.jpg","width":1920,"height":1312},{"@type":"BreadcrumbList","@id":"https://personalparking.es/booking/malaga-airport-exterior/#breadcrumb","itemListElement":[{"@type":"ListItem","position":1,"name":"Home","item":"https://personalparking.es/"},{"@type":"ListItem","position":2,"name":"Personal Parking Malaga Airport &#8211; Parking Exterior"}]},{"@type":"WebSite","@id":"https://personalparking.es/#website","url":"https://personalparking.es/","name":"Parking en el aeropuerto de Málaga | Personal Parking","description":"","potentialAction":[{"@type":"SearchAction","target":{"@type":"EntryPoint","urlTemplate":"https://personalparking.es/?s={search_term_string}"},"query-input":"required name=search_term_string"}],"inLanguage":"en-GB"}]}</script>
<!-- / Yoast SEO plugin. -->

Personal Parking Malaga Airport - Parking Exterior - Parking en el aeropuerto de Málaga | Personal Parking

En Personal Parking Málaga, te ofrecemos un estacionamiento de primera clase diseñado para que tu viaje comience sin complicaciones. Situado [&hellip;]

Parking en el aeropuerto de Málaga | Personal Parking
